-8)
-15
Calculate (-107 - -303) + -144 + 0.
52
-32 + 33 + -132 + 89
-42
13 + (-23 - 5) + -8 + 45
22
What is (57 - 3) + 1347 + -1411?
-10
97 + -25 + -20 - 9
43
What is (29 - (-21 + -24)) + -4?
70
What is (4 - 49) + (-11 - -22) + 0 + 2 + -7?
-39
Evaluate 47 + -21 + 3 + -50.
-21
-442 - -403 - (-114 + -10)
85
Calculate 34 + -92 + (2 - -8) + 23.
-25
(-17 - (8 + -3)) + (0 - -21)
-1
What is -80 - -86 - (1 - 0 - 1) - -36?
42
What is 96 + -125 + 18 - (3 - (-1 - 0))?
-15
Evaluate 38 + (20 + (-20 - -17) - 8 - 5).
42
Evaluate 57 + 69 + -90 - (23 - 0).
13
What is 12 + 7 + (21 + -3 + -3 + 5 - 13)?
26
Evaluate -33 - -33 - (16 - (13 - 2)).
-5
-4 + (36 + -32 - 22)
-22
Evaluate -13 - (-48 - (-15 + 5)).
25
What is (-22 - (9 + (8 - 51))) + 21?
33
Evaluate 1 + 15 + -4 + -17 - -43.
38
Calculate -28 - -30 - (44 + -42) - (7 - 3 - 24).
20
6 + (26 + -2 - (-11 - -10)) + 12
43
165 + (-21 - -1 - 66)
79
Evaluate -50 + -2 + -8 + 22 + 4.
-34
(10 - 14) + (59 - (27 - -59))
-31
Calculate -2 - 0 - ((24 - -1) + (363 - 432)) - 6.
36
Calculate -17 + 10 + (17 - (18 - -12)).
-20
What is the value of -93 - (-14 + 55 + -83)?
-51
(-67 - 0) + (1021 - 1013)
-59
(-31 - (79 + -47)) + 53
-10
What is the value of -1205 + 1217 - (2 + (-61 - -3) + -3 + 1)?
70
-2 - -8 - (-10 + 13 + -10 + -62) - 5
70
-2 - (1 + -3) - 7 - (11352 + -11307)
-52
Evaluate (-26 + 25 - -17) + 18.
34
20 - ((-110 - (2 + -39)) + 26)
67
Calculate -13 + (54 - 72) + 7.
-24
What is (-120 - -11) + 1 + (1 - 29 - -13)?
-123
What is the value of -20 + -2 + 29 - (2 - 0 - -25)?
-20
Calculate -27 - (-2 - (29 - 8)) - (2 + -88).
82
Evaluate 23 + (28 - (29 + 35)).
-13
What is (-5 - 17 - (-42 + 32)) + (59 - 3)?
44
Evaluate 11 - ((4 - 14 - (-3 + -3)) + 4).
11
What is (-1514 - -1378) + (12 - 9)?
-133
What is the value of -8 + 5 - (61 + -138)?
74
Evaluate -1 - (9 - (6 + -4 + 67 - (8 + -19))).
70
Evaluate (1 + 3 + 258 + -267 - -2) + -14.
-17
0 + 60 - ((-210 - -91 - -98) + (25 - -1))
55
What is the value of -13 + (19 - (-87 + -3))?
96
Calculate 85 + 29 + -79 + -102 + 11.
-56
Calculate (18 + -14 - 38) + (-3 - 15).
-52
What is (25 - 2) + -46 + (-74 - -63)?
-34
Calculate -4 - (67 - -2) - (-5 - (0 + (-8 - -5))).
-71
14 + (-19 + 1 - -9)
5
26 + 100 + -135 - (2 - (8 + 2)) - 11
-12
Calculate (38 - 21) + 6 - (-15 + -4).
42
-38 + (-36 - -56) + -2 + 82
62
Evaluate (-50 + 22 - -74) + 4.
50
Calculate -3 - (-26 + 10 + 43 - -37).
-67
-4 - (101 - 141 - -46 - (-1 - -2 - -9))
0
-6 - (42 + -139 - -83)
8
What is the value of 60 - (-66 - -56 - -69)?
1
Calculate 8 - (-15 + (8 - -44) - -10).
-39
Evaluate -85 + 96 - (-27 + -1).
39
What is -2 + 4 + -30 + (96 - -5)?
73
What is the value of 20 + 4 + 10 - (81 - 59)?
12
Evaluate (21 - (62 - -28)) + 20.
-49
Calculate (14 - 35) + 17 - 4 - (-1 + -10).
3
What is -132 - (37 + (-143 - -93))?
-119
What is the value of -6528 + 6522 - ((1 - 2) + 1 + (-1 - 1))?
-4
-97 - (-55 + 42) - -94
10
Evaluate (-9 + -1 - (2 + -92)) + -38 + 52.
94
What is (-11 - -15 - 6) + 52 + -10 - (-5 - -11)?
34
-14 + -25 + 28 + (-3 - (2 + -7) - -16)
7
Evaluate -71 - (-20 + -25 + (17 - -31)).
-74
What is -1 - (-26 + 13 + (-9 - -1) + 2)?
18
(-64 - (-78 + 12)) + -33
-31
Calculate (289 + -278 - (-5 + (16 - (3 + 0)))) + 116.
119
Evaluate 17 + (2 - 1) - ((744 - 291) + -403).
-32
70 + (25 - (-11 - -62)) + -5
39
-43 + (27 + 42 - -19 - -48)
93
Evaluate 80 + (-8 - (17 - 10 - 1 - 1)) + 1.
68
What is 12 + 17 + -34 - (-43 + 45)?
-7
Calculate (5 - -3) + -1 - (28 + 27 + 10 + 24).
-82
What is the value of -94 + (31 - -130) - (-4 + 29)?
42
What is the value of 26 - (-3 - -5) - (-14 - -19)?
19
Evaluate -289 - (-163 - 74) - (1 - -1).
-54
5 + 4 + 5 - 2 - (56 - 6)
-38
(3 + 0 - (-19 - -14)) + (-8 - (29 - -23))
-52
What is -9 + 1 + (-3 - 25 - (-1 - -18))?
-53
What is ((-2 - -2) + -7 - (-158 + 170)) + -2?
-21
What is the value of (-54 - (-77 + -4)) + (0 - (1 + -3) - -1)?
30
16 + (-16 - ((-129 - -86) + -9 + 0 + -2))
54
Evaluate -12 + 64 + (-40 - -38).
50
What is (-97 - -136) + -52 + (10 - (-1 - -1))?
-3
Calculate 80 + -77 - (31 - (3 + 7)).
-18
-39 + -128 + 279 - (-1 + -2 + 2 + 14)
99
-105 + 67 + 32 + -7
-13
Calculate -133 + 245 + -80 - (0 - 13).
45
Evaluate 4 - ((-59 - (-16 + 8 + 9) - 13) + -9).
86
What is 17 - (-31 + 38) - (2 + (9 - 4))?
3
-4 + 17 - 4 - (-9 + 7 + (13 - 27))
25
What is -64 - (-38 - (91 - 38))?
27
Evaluate 2090 + -2120 - ((-2 - 8) + 2).
-22
What is -71 - (31 + -221) - 52?
67
What is -7 - (-13 + (17 - 22)) - (5 - -86)?
-80
Evaluate (23 - (-20 + -2 + 31)) + -4 + 70.
80
What is -11 + (-18 - (-14 - 17)) + (-33 - 2 - 2)?
-35
Evaluate 27 + (124 - 119) + -3 + 21.
50
Evaluate (142 - 8 - 117) + (-3 - (2 + 8)).
4
What is 34 - (-32 + 58 - -28) - 38?
-58
(-19 - (-8 + -9 + 7)) + -9
-18
Evaluate -93 + (-15 - -57) + -6.
-57
Evaluate (-4 + -16 - (-27 - -5)) + (-41 - -4) + -1.
-36
What is (-100 - 45) + 50 - -149?
54
What is (49 + -58 - -10 - (2 - 0)) + -6 + -2?
-9
What is 49 - -1 - (74 + -69 - (-1 - -3 - -4))?
51
What is 8234 + -8243 + 0 + 66?
57
Calculate 13 - (-4 + -2 + -13 + 29 + -9 - -80).
-68
Evaluate -5 + -53 + (0 - 17) + (-26 - -45).
-56
Calculate 0 + -35 + -2074 + 2100.
-9
What is -8 - -137 - (-270 - -266)?
133
What is the value of -13 - 21 - ((-8 - -2) + -10)?
-18
Evaluate (0 - (10 - (9 - -4))) + 4 + -5.
2
Evaluate 16 + (-2 - (-23 - -7)) - -4.
34
Calculate 2 + -25 + -43 + -10 + 30.
-46
Calculate 65 + 5 + -25 + 11 - (5 + 8 + -18).
61
-3 + 4 + -5 - (39 + -74)
31
What is -1 + -10 - (-18 + (3 - (0 - 6))) - -74?
72
Calculate (11 + -42 + 14 - 9) + -38.
-64
What is -18 + (23 - -7) - (43 - 10) - -92?
71
Evaluate 48 - ((-2 - (-20 + 1)) + -2).
33
What is the value of -150 + -1 + 3180 + -3141?
-112
What is 5 + 18 + 7 - 0?
30
Evaluate 158 + -91 + -15 + 38.
90
What is the value of -4 + -13 - (-10 + (20 - 20)) - -8?
1
What is the value of 18 - (12 - -3) - ((-2 - 1) + (-42 - -17))?
31
What is (13 - -11) + (602 - 671)?
-45
Calculate -45 + (-8 - (4 + (4 - 8))) + 343 + -342.
-52
73 - ((25 - -28) + -22)
42
Calculate -68 + (4 - (1 - 0)) - (-578 - -588).
-75
Evaluate 56 - 6 - (-14 + 20 + 16).
28
What is (-6 - (-10 + 26 + -6)) + 0 - 26?
-42
What is 136 + -151 + 71 - 156?
-100
What is (-8 + 4 - (4 - 4 - 7)) + (-271 - -171)?
-97
Evaluate 19 + -2 + 131 + -46 - -2.
104
(-15 - (-3 - -12 - 8)) + 59 + -13
30
What is 9 + 7 + -170 + (-1219 - -1251)?
-122
What is 16 + (-81 - -2 - (32 + -46))?
-49
What is the value of 124 - (34 + 73) - (2 - 0) - (1 - -28)?
-14
-13 + (27 - 38 - -34)
10
Calculate (7 - 14 - -3) + 0 + 15 - (-129 + 45).
95
Evaluate -396 + 166 + (-16 - -134).
-112
What is (6 - 14) + ((8 - (4 - -117)) + 4 - -3)?
-114
Calculate 9 - (38 + 16 + -42 + (2 - -1)).
-6
-7 + (-5 - (-2 - 22)) + (-3 - -1 - 15)
-5
What is (0 - 12) + (-19 - (-17 - 29 - 4))?
19
Evaluate 6 + 82 + (3 + 13 + -21 - 5) + 7.
85
What is the value of 13 + -2 + (3 + -8 - -2 - 3)?
5
Calculate -16 - ((-17 + 0 - (23 - 41)) + 45).
-62
What is the value of -8 + 28 + -4 - ((4 - 29) + 40)?
1
Calculate 34 + -49 + 35 + -14.
6
751 + -735 + 1 + -68 + 3
-48
(20 - (-34 - (-147 + -34))) + 43
-84
Calculate 0 - 13 - ((28 - 43 - -56) + -16).
-38
Evaluate 51 + (31 - -19 - 67).
34
16 - (20 + (-54 - -91))
-41
-1 + (-4 - ((-37 - -37) + -1 + 3))
-7
Evaluate -42 - 2 - (21 - 95).
30
What is the value of -18 + 1 - (6 - -14 - 4) - (1 - -9)?
-43
Calculate -27 + -8 + 46 + -28 + -22.
-39
What is 28 - ((16 - 38) + 48 + -10)?
12
What is (-2 - 16) + (-33 + -7 - -19)?
-39
What is the value of -17 + (-10 + 1 - -15) - (4 - (-3 - -8))?
-10
1851 + -1826 - (-2 - (4 + -105))
-74
What is -2 + -3 + 432 + -371?
56
Evaluate -24 + (3 - (-2 - -1)) - (208 - 109).
-119
Calculate (-15 - (-40 - -20)) + (-14 - -5).
-4
Evaluate -4 - ((11 - 6 - (11 + -1)) + (65 - 26)).
-38
What is the value of 14 + -2 + 17 + (36 - (93 + -10))?
-18
Calculate 6 - (0 - (7 - ((13 - 61) + 2))).
59
What is 11 - (18 - (-3 + (9 - 9)))?
-10
Calculate (96 - 48) + -38 + 0.
10
What is the value of -1 + 9 - (-11 + 10) - (-4 - -68 - 26)?
-29
What is (1 - 20) + (8 - 0) + (-35 - 3) + 21?
-28
What is the value of -2 + 6 + (14 - 20) - (-28 + 22 + -34)?
38
-2 - -2 - (-126 - -189 - (21 - 1) - -14)
-57
Evaluate (289 - 347) + -11 + 25.
-44
Calculate -76 - (-59 + -43) - 62.
-36
What is the value of -7 + (-20 - (-9 - 8)) + (4 - 3) + 3?
-6
Calculate 0 + 12 + (-225 - -235) + -49.
-27
Evaluate 8 + 154 + -143 + -23 + 2 + -2 +